 -2 - ((-116)/f + -1). Let g = -29 - t. What are the prime factors of g?
2, 3, 5
Let s(t) = -8*t**2 - 2*t - 5*t + 12*t**3 + 10 - 5*t**3 - 8*t**3. What are the prime factors of s(-7)?
2, 5
Let b = 262 - 155. List the prime factors of b.
107
Suppose -640 = i - 5*i + 3*v, 3*v = 0. List the prime factors of i.
2, 5
Let c(d) = -3*d**3 - 6*d**2 + 7*d + 12. Let k(q) = -4*q**3 - 6*q**2 + 6*q + 12. Let l(b) = -3*c(b) + 2*k(b). What are the prime factors of l(-5)?
2, 29
Let a be ((-4)/10)/(3/(-30)). Suppose 7*i = a*i + 54. What are the prime factors of 1056/i + (-6)/9?
2, 29
Let s(k) = 3*k**2 + 7*k - 10. Let y be s(7). Let j = y + -91. Let f = -61 + j. List the prime factors of f.
2, 17
Suppose 3*i = 6*i + 27. Let r be (-2)/i - 80/(-45). Suppose -4*s + r*s = -28. What are the prime factors of s?
2, 7
Let a = -446 + 1061. List the prime factors of a.
3, 5, 41
Suppose 3*d - 3733 = -2*y + 1971, -2*d = -2*y - 3796. List the prime factors of d.
2, 5, 19
Let u(i) = 124*i**2 - 43*i + 238. List the prime factors of u(5).
3, 347
Let v = -231 + 1394. What are the prime factors of v?
1163
Suppose 4*x - 45 - 43 = 0. List the prime factors of (-14 + x)*23/2.
2, 23
Let h(o) = -o**3 + 22*o**2 - 14*o - 65. What are the prime factors of h(21)?
2, 41
Let g = 18 + -129. Let l = -42 - g. What are the prime factors of l?
3, 23
Let b(f) = -f**2 + 11*f - 16. Let w be b(10). What are the prime factors of (-333)/w - 7/14?
5, 11
List the prime factors of ((-70)/(-4))/(74/3404).
5, 7, 23
List the prime factors of (0 + -2)/((-48)/142152).
5923
Suppose -5*v + 909 - 2891 = -2*i, -i + 997 = -4*v. List the prime factors of i.
3, 109
Suppose 4 - 16 = 2*r. Let i = -20 + 18. What are the prime factors of ((-3 - i) + -3)*r?
2, 3
Let r(t) = -348*t + 1054. List the prime factors of r(-12).
2, 5, 523
Let z(b) = 8*b**2 - 4*b - 2*b + 3 + 2*b**2 - 13. List the prime factors of z(4).
2, 3, 7
Let f = -85 - 13. Let m = -49 - f. What are the prime factors of m?
7
Let r = -1372 - -2534. What are the prime factors of r?
2, 7, 83
Suppose -263*g = -257*g - 402. List the prime factors of g.
67
List the prime factors of (25/10*5 + -5)*22.
3, 5, 11
Let z(m) = -m**2 + 2*m + 120. Let w be z(0). Suppose 0*y + w = 2*y. List the prime factors of y.
2, 3, 5
Let r = -18 - -12. Let g(d) = -3*d + 7. List the prime factors of g(r).
5
Let v be (-1)/(-1)*1 + 6. Let l(c) = 26 + 9*c + 4*c - 8*c - 8 + 0*c. List the prime factors of l(v).
53
Let w(x) = -x + 3. Let q be w(5). Let o(j) = -5*j**3 - 2*j**2 + j. Let h be o(q). Suppose -h = 5*n - 75. List the prime factors of n.
3
What are the prime factors of 2209 + (5*2/10 - 0)?
2, 5, 13, 17
Suppose 6597 = 33*o - 3534. What are the prime factors of o?
307
Suppose -q = 7 - 18. Let c = -15 + q. What are the prime factors of -2 + 35 + c/4?
2
Let o = 3227 + -520. What are the prime factors of o?
2707
Suppose 9 = -6*t - 9. List the prime factors of 1/t*-3 + 230.
3, 7, 11
Let k(r) = -5*r - 10. Let d be k(-2). List the prime factors of (5 - (d - -1))*(-605)/(-20).
11
Suppose -44024 = -44*o + 79088. List the prime factors of o.
2, 1399
Let c = 102 - 74. What are the prime factors of 1/((1*(-1)/c)/(-2))?
2, 7
Suppose -7*z - 11 = -32. Suppose 3*s + 2*v - 254 = 0, z*s + v = s + 170. List the prime factors of s.
2, 43
Let h(t) be the first derivative of t**4/24 - t**3/3 + t**2/2 + 4. Let s(n) be the second derivative of h(n). What are the prime factors of s(12)?
2, 5
Suppose -13*u + 11*u = 16. Let w(q) = -q - 5. Let k be w(u). Suppose -92 = -k*j + j. What are the prime factors of j?
2, 23
Let q = -19 + 32. Let g be (-142)/(-12) - q/(-78). Suppose 0*l - 10 = -2*n + 2*l, -3*l - g = -2*n. List the prime factors of n.
3
Let o = 21 + -19. Suppose 5*q + 2*a = 262, o*q + 3*a = 109 - 13. List the prime factors of (266/57)/(4/q).
3, 7
Suppose 4*n - 4*y = -544, 2*n - 5*y + 291 - 31 = 0. Let b = 222 + n. List the prime factors of b.
2, 41
What are the prime factors of 4/(-3) - (-29060)/60?
3, 7, 23
Suppose -5*r + 11025 = 5*b, 3*b + 2185 = 2*r - r. What are the prime factors of r?
2, 5, 11
Let m(t) = t**2 + 16*t + 29. Let f be m(-15). Suppose 2055 = f*r + 95. List the prime factors of r.
2, 5, 7
Let f(x) = 2*x**2 + 4*x + 3. Let y(q) = -4*q**2 - 8*q - 7. Let c(b) = -7*f(b) - 4*y(b). List the prime factors of c(4).
5, 11
Let h(x) = -x**3 + x**2 + 2*x - 36. What are the prime factors of h(-8)?
2, 131
Suppose 0 = c - 2*n - 1007, 3*c - 3*n - 1699 = 1325. List the prime factors of c.
1009
List the prime factors of ((-351)/4)/(236/(-32) + 7).
2, 3, 13
Suppose 17 + 3 = 5*o. Suppose 0 = -o*u + 5*g + 15, -1 + 7 = -2*g. Suppose 2*y + u = 70. List the prime factors of y.
5, 7
What are the prime factors of -8*(-38)/(-8)*-1*91?
2, 7, 13, 19
Suppose -19*h + 4036 = -15*h. What are the prime factors of h?
1009
Let z = 21 - 17. Suppose -z*c - 2*y + 22 = 0, -4*y = c - 2*y - 4. List the prime factors of (c/(-4))/((-15)/100).
2, 5
Suppose -134 = -5*l + 941. Let n = -132 + l. What are the prime factors of n?
83
Let m be 0 + 2 + (-68 - -6). Let w = 110 + m. List the prime factors of w.
2, 5
Let a(t) = 18*t**2 + 3*t - 3. Let l(j) be the third derivative of -j**6/120 - j**4/8 - j**3/3 + 9*j**2. Let o be l(-1). What are the prime factors of a(o)?
3, 5
Suppose 0 = -0*f + 3*f + 2*p - 2929, -3*f + 2923 = -p. List the prime factors of f.
3, 5, 13
Suppose -51082 = -21*y - 10573. List the prime factors of y.
3, 643
Suppose -2*j + 1132 = 5*a - 0*j, 5*j - 5 = 0. What are the prime factors of a?
2, 113
Suppose 3*b - 32 = -4*s, -3*s = -2*b - 8 + 1. Let d(x) = 2*x - 3. Let i(w) = -2*w + 2. Let l(y) = s*d(y) + 4*i(y). What are the prime factors of l(5)?
3
List the prime factors of 2858/8 + 107/(-428).
3, 7, 17
Suppose -4*f + m - 37 = 0, -5*m = -4*f - 2*m - 31. Let v = -12 - f. List the prime factors of (2/(-3))/(v/33).
11
Let f be (0 - (-722)/(-4))/(16/(-32)). Let q = -217 + f. What are the prime factors of q?
2, 3
Let d = 188 + 618. List the prime factors of d.
2, 13, 31
Suppose 2*a = -5*z, -3*z + 0*a = a - 1. Let q(s) = 2 + 0 + s**2 - 2*s + 1. List the prime factors of q(z).
3
Suppose -4*n = -208 - 5524. What are the prime factors of n?
1433
Suppose 3*p = -m + 4, 3*p - 6*m + 2*m = -16. What are the prime factors of (-15)/((p + 2)/(-2))?
3, 5
Let q = -36 - -9. Let p = -23 - q. Suppose p*t = -12, -3*i = -5*i + t + 109. List the prime factors of i.
53
List the prime factors of ((-509)/(-2))/(12/(96/4)).
509
Let c = 4225 + -2432. List the prime factors of c.
11, 163
Let z(k) = -8*k - 5. Let n be z(6). Let r = 62 - 91. Let p = r - n. What are the prime factors of p?
2, 3
Let x(s) = s**3 - 7*s**2 + 32*s - 135. List the prime factors of x(6).
3, 7
Let f(c) = -c - 4. Let v be f(-4). Suppose v = 3*b - 4*g - 7, -g = 5*b - 4 - 0. List the prime factors of 2*b/(4/34).
17
Let k = -15 - -13. Let l(p) = 4*p + 3. Let i be l(k). What are the prime factors of 1/i - (-864)/45?
19
Let l be 20/(-5) + 7 + 2. Suppose l*q - 471 = -5*s + 2*q, -s + 3*q = -87. List the prime factors of s.
3, 31
Let y(r) = -r**3 + 11*r**2 + r - 13. Let b be y(11). Let l(t) = 79 - 12*t - 79. List the prime factors of l(b).
2, 3
Suppose 4 = -a - 2*f - 2*f, -3*f = -3*a + 3. What are the prime factors of ((-109 + a)*14/7)/(-2)?
109
Let k = -51 + 51. Suppose -6*r + 106 + 92 = k. What are the prime factors of r?
3, 11
Let g(v) be the second derivative of 1/2*v**2 + 0 + 1/10*v**5 - 1/2*v**4 + 0*v**3 + 9*v. What are the prime factors of g(4)?
3, 11
Let s(l) = l**2 - 9*l + 11. Let i be s(8). Let n be (8 + 1 - i) + -1. Suppose -3*t + 105 = 3*g, 2*g + 2*g + n*t - 143 = 0. List the prime factors of g.
2
Let u be (-10)/5 - (-3)/(-3). Let o(j) = -5*j + 1. What are the prime factors of o(u)?
2
Let l = 22 - 17. Suppose 0 = l*r - 0*r - 225. What are the prime factors of r?
3, 5
Suppose 0 = -6*p + 8*p - 1224. What are the prime factors of p?
2, 3, 17
Suppose -2*f + 6*m = -2093 + 279, 3*f - 5*m - 2721 = 0. What are the prime factors of f?
907
Suppose -o + 17 + 103 = 0. Suppose 0 = -4*y + 84 + o. List the prime factors of y.
3, 17
Let f be 6/4*2/(-3) + 10. Suppose -6*j = -f*j + 51. What are the prime factors of j?
17
Let l(r) = 9*r**2 + 21*r + 60. List the prime factors of l(-10).
2, 3, 5
Let w be (-2310)/28 + 1/2. Let u = w + 189. Let o = u + -74. List the prime factors of o.
3, 11
Suppose -